{"id":328,"date":"2021-06-10T10:21:42","date_gmt":"2021-06-10T08:21:42","guid":{"rendered":"https:\/\/www.horneoresany.sk\/tjiskra\/?page_id=328"},"modified":"2021-06-10T10:21:42","modified_gmt":"2021-06-10T08:21:42","slug":"historia-mladeznickeho-futbalu","status":"publish","type":"page","link":"https:\/\/www.horneoresany.sk\/tjiskra\/historia-mladeznickeho-futbalu\/","title":{"rendered":"Hist\u00f3ria ml\u00e1de\u017en\u00edckeho futbalu"},"content":{"rendered":"<p>[vc_row wrap_container=&#8221;yes&#8221; css=&#8221;.vc_custom_1557434738599{padding-top: 4.5rem !important;padding-bottom: 4.5rem !important;}&#8221;][vc_column][vc_column_text]V\u00a0najstar\u0161\u00edch prame\u0148och \u0161portov\u00e9ho klubu nenajdeme p\u00edsomn\u00fa zmienku o\u00a0v\u00fdchove s\u00a0starostlivosti o\u00a0najmlad\u0161iu gener\u00e1ciu futbalistov.<\/p>\n<p>Priama starostlivos\u0165 o\u00a0\u017eiakov a\u00a0dorastencov v\u00a0Horn\u00fdch Ore\u0161anoch nastala v\u00a0polovici minul\u00e9ho storo\u010dia ( 20 &#8211;\u00a0 teho). Intenz\u00edvna starostlivos\u0165 je zaznamenan\u00e1 koncom 60 \u2013 tych a\u00a0za\u010diatkom 70 \u2013 tych rokoch. Medzi prv\u00fdch m\u00f4\u017eeme zaradi\u0165 u\u010dite\u013ea Pavla Mi\u010deka, ktor\u00fd svojou obetavos\u0165ou aj odbornos\u0165ou bol pr\u00edkladom pre \u010fa\u013e\u0161ie gener\u00e1cie.<\/p>\n<p>V\u00a0polovici 70 \u2013 tych rokoch pri\u0161la mlad\u0161ia gener\u00e1cia nad\u0161encov pre tr\u00e9nersku pr\u00e1cu s\u00a0mlad\u00fdmi adeptami futbalu. Boli to: \u0160tefan Polakovi\u010d, Franti\u0161ek He\u010dko, Jozef Mi\u0161o, J\u00e1n Draho\u0161, Jaroslav Bla\u017eo, Mari\u00e1n \u017dalud, Michal Bla\u017eo. Neskor\u0161ie z\u00a0mlad\u0161ej gener\u00e1cie: August\u00edn Krupansk\u00fd, Stanislav Volner, Miroslav Gajar, Milo\u0161 Ba\u017e\u00edk, \u013dubom\u00edr Mr\u00e1z, Jozef Sasko, Marcel Viskupi\u010d, Milan Svitek.<\/p>\n<p>V\u00a0rokoch 1974 \u2013 1977 dru\u017estvo dorastu dosahovalo ve\u013ea dobr\u00fdch v\u00fdsledkov pod tr\u00e9nersk\u00fdm veden\u00edm \u0160tefana Plakovi\u010da. Postupu do vy\u0161\u0161\u00edch su\u0165a\u017e\u00ed zabr\u00e1nili len nedostatok finan\u010dn\u00fdch prostriedkov a\u00a0men\u0161\u00ed z\u00e1ujem funkcion\u00e1rov.<\/p>\n<p>Dorast zost\u00e1val v\u00a0okresn\u00fdch s\u00fa\u0165a\u017eiach. Rozhoduj\u00faci obrat nastal v\u00a0roku 1977. Tr\u00e9nerom dorastencov sa stal J\u00e1n Draho\u0161 a\u00a0ved\u00facim dru\u017estva Bohumil Zachar. Ich amb\u00edciou bolo posun\u00fa\u0165 ml\u00e1de\u017en\u00edcky futbal do vy\u0161\u0161\u00edch \u2013 krajsk\u00fdch s\u00fa\u0165a\u017e\u00ed.<\/p>\n<p>J\u00e1n Draho\u0161 bol aj \u010deln\u00fdm funkcion\u00e1rom TJ a\u00a0predsedom FO, ale hlavne jeho pracovn\u00e9 postavenie v\u00a0Chemolaku mu d\u00e1valo \u0161ancu finan\u010dne podpori\u0165 klub, ml\u00e1de\u017en\u00edcky futbal.<\/p>\n<p>Dru\u017estvo dorastu v\u00a0roku 1978\/ 79 vyhralo zvl\u00e1\u0161tnu okresn\u00fa skupinu a\u00a0bolo zaraden\u00e9 do III. Triedy skupiny B, kde hralo predz\u00e1pasy TJ Dlh\u00e1. Funkcion\u00e1ri TJ Dlh\u00e1 sa pr\u00edkladne starali a\u00a0zabezpe\u010dovali dopravu na z\u00e1pasi. Patr\u00ed im v\u010faka.<\/p>\n<p>Dru\u017estvo dorastu vyhralo s\u00fa\u0165a\u017e zo ziskom 53 bodov (141: 11) a\u00a0vst\u00fapilo do kvalifik\u00e1cie o\u00a0postup do I. B triedy Z\u00e1padoslovensk\u00e9ho kraja. V\u00a0kvalifik\u00e1cii zv\u00ed\u0165azili nad Trebaticami 3:0 a\u00a0Krakovanmi 4:0. Cie\u013e bol splnen\u00fd.Reprezentovali: Oto Hodul\u00edk, Zdenko Samek, Mari\u00e1n \u0160tudenc, \u013dubom\u00edr Mr\u00e1z, Peter Nov\u00e1k, Ivan Krchn\u00e1r, \u013dubo\u0161 Zvon\u00e1r, Jozef a\u00a0Miroslav Sasko, Miroslav a\u00a0Jozef R\u00e1bara, Rudolf Benovi\u010d, Silvester a\u00a0Ivan Horv\u00e1th, Jaroslav Kos\u00e1k, Peter Kaln\u00fd ( D. Ore\u0161any). Strelcami dru\u017estva boli Oto Hodul\u00edk s\u00a030 g\u00f3lmi a\u00a0Miroslav Sasko s\u00a016 g\u00f3lmi. Z\u00a0dru\u017estva,\u00a0 ktor\u00e9 vybojovalo I.B. triedu v\u00a0letnom obdob\u00ed odi\u0161li Jaroslav Kos\u00e1k a\u00a0Silvester Horv\u00e1th do dru\u017estva dospel\u00fdch. Po jesennej \u010dasti s\u00fa\u0165a\u017ee odi\u0161li z\u00a0dru\u017estva Mari\u00e1n \u0160tudenc do dospel\u00fdch a\u00a0Oto Hodul\u00edk do dorastu Spartaka Trnava a\u00a0Miroslav R\u00e1bara a\u00a0Peter Kaln\u00fd prestali hra\u0165. V\u00a0zimnej prest\u00e1vke sa dru\u017estvo prebudovalo a\u00a0po prv\u00fd kr\u00e1t malo aj zimn\u00e9 s\u00fastredenie. Tak\u00fato pr\u00edpravu aj z\u00faro\u010dilo a\u00a0odv\u010fa\u010dilo sa v\u00ed\u0165aztvom s\u00fa\u0165a\u017ei a\u00a0postupom do I.A. triedy. Z\u00edskalo 47 bodov (83 : 24). Najlep\u0161\u00edmi strelcami boli: Miroslav Sasko s\u00a019 g\u00f3lmi, Oto Hodul\u00edk s\u00a018 g\u00f3lmi a\u00a0Miroslav Smolek s\u00a010 g\u00f3lmi.[\/vc_column_text][\/vc_column][\/vc_row][vc_row wrap_container=&#8221;yes&#8221; css=&#8221;.vc_custom_1557427140663{padding-top: 4.5rem !important;padding-bottom: 4.5rem !important;background-color: #e8eef3 !important;}&#8221;][vc_column][vc_column_text]Pre ro\u010dn\u00edk 1980\/81 sa dru\u017estvo doplnilo o\u00a0Romana \u010cavojsk\u00e9ho zo Smolen\u00edc, Roberta Pajpacha z\u00a0D. Ore\u0161ian, \u013dubo\u0161a Bla\u017eu, J\u00e1na a\u00a0\u013dubo\u0161a Horv\u00e1tha, Ivana Brestovansk\u00e9ho.<\/p>\n<p>Dorastenci aj v\u00a0I.A. triede patrili k\u00a0\u0161pi\u010dke a\u00a0s\u00fa\u0165a\u017e vyhrali s\u00a037 bodmi (57 : 19). Bol to historicky najv\u00e4\u010d\u0161\u00ed \u00faspech futbalu Horn\u00fdch Ore\u0161ian a\u00a0znamenal postup do Majstrovstiev kraja. V\u00a0trojro\u010dnom cykle tohto dru\u017estva boli najlep\u0161\u00edmi strelcami: Miroslav Sasko \u2013 45 g\u00f3lov, Oto Hodul\u00edk \u2013 32 g\u00f3lov, Ivan Horv\u00e1th \u2013 20 g\u00f3lov, Jaroslav Kos\u00e1k \u2013 19 g\u00f3lov, Zdenko Samek \u2013 12 g\u00f3lov.<\/p>\n<p>Do Majstrovstiev kraja ro\u010dn\u00edk 1981\/82 prevzal funkciu tr\u00e9nera Mari\u00e1n \u017dalud, ved\u00facim ostal Bohumil Zachar. Z\u00a0k\u00e1dra, ktor\u00fd vybojoval MK zostalo 12 hr\u00e1\u010dov a\u00a0doplnil sa o\u00a0Romana Ko\u0161tiala, \u013dubo\u0161a Galg\u00f3ciho, Milana Verme\u0161a. Dru\u017estvo vo ve\u013emi tvrdej konkurencii obst\u00e1lo sol\u00eddne. Skon\u010dilo na 13 mieste zo ziskom 23 bodov (38 : 60). Prebudovanie k\u00e1dra prich\u00e1dza\u00a0 a\u017e pre ro\u010dn\u00edk 1982\/83. Do dru\u017estva s\u00fa zaveden\u00ed Jozef Paprsk\u00e1r, Franti\u0161ek Volek, Jozef a\u00a0Peter Lopatka, Ivan Odkladal, Fedor Ku\u010dera, &#8230;..Forner, J\u00e1n Ban\u00e1r, J\u00e1n Sit\u00e1r, Tibor Dob\u0161ovi\u010d, Tibor Dani\u0161. Dru\u017estvo sa umiestnilo na 13 mieste zo ziskom 21 bodov (37 : 90). Najlep\u0161\u00edm strelcom bol Martin Puchovsk\u00fd s\u00a017 g\u00f3lmi. Pre ro\u010dn\u00edk 1983\/84 sa kraj rozdeli na dve skupiny Juhov\u00fdchod a\u00a0Severoz\u00e1pad do, ktorej sme boli zaraden\u00fd. V\u00a0tomto ro\u010dn\u00edku sa dru\u017estvu nedarilo, skon\u010dilo na 13 mieste a\u00a0vypadlo do ni\u017e\u0161ej krajskej s\u00fa\u0165a\u017ee.[\/vc_column_text][\/vc_column][\/vc_row][vc_row wrap_container=&#8221;yes&#8221; css=&#8221;.vc_custom_1557434738599{padding-top: 4.5rem !important;padding-bottom: 4.5rem !important;}&#8221;][vc_column][vc_column_text]Po tomto ro\u010dn\u00edku prevzal tr\u00e9nersk\u00fa taktovku Michal Bla\u017eo a\u00a0od ro\u010dn\u00edka 1984 a\u017e po ro\u010dn\u00edk 1994 \u00faspe\u0161ne viedol dorast v\u00a0krajsk\u00fdch s\u00fa\u0165a\u017eiach. Ako ved\u00faci mu vypom\u00e1hali Jaroslav Zachar a\u00a0Jozef Zvon\u00e1r. Po\u010das tohto obdobia vychoval ve\u013ea mlad\u00fdch futbalistov, ktor\u00ed \u00faspe\u0161ne reprezentovali na\u0161u telov\u00fdchovu, ale mnoh\u00ed sa vracali do svojich matersk\u00fdch TJ, kde odovzd\u00e1vali dobr\u00e9 futbalov\u00e9 majstrovstvo pre vlastn\u00fa obec. Boli to \u013dubo\u0161 August\u00edn, M\u00e1ro Dob\u0161ovi\u010d, Vladim\u00edr Bursk\u00fd , Ras\u0165o Homoky, Jozef Dob\u0161ovi\u010d, Jozef Vand\u00e1k (z D.O.)<\/p>\n<p>Marek Macho zo Suchej nad Parnou, Zdenko \u017dalud, Milo\u0161 Korm\u00fath, Maro\u0161 He\u010dko, Miroslav Benovi\u010d,Roman Zvon\u00e1r, \u013dubo\u0161 \u0160kolek, Du\u0161an Bla\u017eo, Igor Sasko, Daniel Bla\u017eo. Pre\u0161li do A\u00a0dru\u017estva Horn\u00fdch Ore\u0161ian.<\/p>\n<p>&nbsp;<\/p>\n<p>V\u00a0roku 1994\/96 dru\u017estvo dorastu viedol ako tr\u00e9ner Mari\u00e1n \u017dalud, ved\u00facim bol Bohumil Zachar. Skonsolidovali kolekt\u00edv, z\u00edskali viacero talentov z\u00a0okolit\u00fdch ded\u00edn. V\u00a0ro\u010dn\u00edku 1995\/96 do\u0161lo k\u00a0premenovaniu s\u00fa\u0165a\u017e\u00ed ( I.B. = V\u00a0liga). Na\u0161im dorastencom sa darilo a\u00a0post\u00fapili do IV.ligy. Reprezentovali n\u00e1s : Jozef Draho\u0161, Pavel Kirinovi\u010d, Erik Zvon\u00e1r, Pavel Puchovsk\u00fd, Peter Hodul\u00edk, Peter Demo, Mari\u00e1n Zachar, Pavel Oravec, Peter Lesaj, \u0160tefan Reiter, Rado a\u00a0Maro\u0161 Slez\u00e1k, Peter Vand\u00e1k, Juraj Krchn\u00e1r,\u00a0 Antal\u00edk, neskor\u0161ie k\u00e1der dop\u013a\u0148ali: Mari\u00e1n Korm\u00fath, Michal Udvornock\u00fd, Pavel Denk\u00f3ci, Juraj Mes\u00ed\u010dek, Jozef \u010ca\u010dka, Tom\u00e1\u0161 Stra\u0161ka. Najlep\u0161\u00edmi strelcami boli \u0160tefan Raiter a\u00a0Mari\u00e1n Zachar.<\/p>\n<p>Na jar 1997 tr\u00e9nersk\u00fa taktovku prevzal J\u00e1n Kole\u0148\u00e1k zo Smolen\u00edc a\u00a0ved\u00facim sa stal Milan Stra\u0161ka. T\u00e1to dvojica s\u00a0dorastencami pracovala do roku 1999 s\u00a0dobr\u00fdmi v\u00fdsledkami. V\u00a0tomto obdob\u00ed sa strelecky darilo Jurajovi Mes\u00ed\u010dkovi.<\/p>\n<p>Po roku 1999 a\u017e do roku 2006 sa pri doraste vystriedali: Jozef Sasko, \u0160tefan Polakovi\u010d, Stanislav Volner, \u013dubo\u0161 Mr\u00e1z, Branislav Lipovsk\u00fd.<\/p>\n<p>So \u017eiackym dru\u017estvom pracovali: Miroslav Gajar, Milo\u0161 Ba\u017e\u00edk, Stanislav Volner, Milan Svitek.[\/vc_column_text][\/vc_column][\/vc_row]<\/p>\n","protected":false},"excerpt":{"rendered":"<p>[vc_row wrap_container=&#8221;yes&#8221; css=&#8221;.vc_custom_1557434738599{padding-top: 4.5rem !important;padding-bottom: 4.5rem !important;}&#8221;][vc_column][vc_column_text]V\u00a0najstar\u0161\u00edch prame\u0148och \u0161portov\u00e9ho klubu nenajdeme p\u00edsomn\u00fa zmienku o\u00a0v\u00fdchove s\u00a0starostlivosti o\u00a0najmlad\u0161iu gener\u00e1ciu futbalistov. Priama starostlivos\u0165 o\u00a0\u017eiakov a\u00a0dorastencov v\u00a0Horn\u00fdch Ore\u0161anoch nastala v\u00a0polovici minul\u00e9ho storo\u010dia ( 20 &#8211;\u00a0 teho). Intenz\u00edvna starostlivos\u0165 je zaznamenan\u00e1 koncom 60 \u2013 tych a\u00a0za\u010diatkom 70 \u2013 tych rokoch. Medzi prv\u00fdch m\u00f4\u017eeme zaradi\u0165 u\u010dite\u013ea Pavla Mi\u010deka, ktor\u00fd svojou obetavos\u0165ou [&hellip;]<\/p>\n","protected":false},"author":1,"featured_media":0,"parent":0,"menu_order":0,"comment_status":"closed","ping_status":"closed","template":"","meta":[],"_links":{"self":[{"href":"https:\/\/www.horneoresany.sk\/tjiskra\/wp-json\/wp\/v2\/pages\/328"}],"collection":[{"href":"https:\/\/www.horneoresany.sk\/tjiskra\/wp-json\/wp\/v2\/pages"}],"about":[{"href":"https:\/\/www.horneoresany.sk\/tjiskra\/wp-json\/wp\/v2\/types\/page"}],"author":[{"embeddable":true,"href":"https:\/\/www.horneoresany.sk\/tjiskra\/wp-json\/wp\/v2\/users\/1"}],"replies":[{"embeddable":true,"href":"https:\/\/www.horneoresany.sk\/tjiskra\/wp-json\/wp\/v2\/comments?post=328"}],"version-history":[{"count":3,"href":"https:\/\/www.horneoresany.sk\/tjiskra\/wp-json\/wp\/v2\/pages\/328\/revisions"}],"predecessor-version":[{"id":331,"href":"https:\/\/www.horneoresany.sk\/tjiskra\/wp-json\/wp\/v2\/pages\/328\/revisions\/331"}],"wp:attachment":[{"href":"https:\/\/www.horneoresany.sk\/tjiskra\/wp-json\/wp\/v2\/media?parent=328"}],"curies":[{"name":"wp","href":"https:\/\/api.w.org\/{rel}","templated":true}]}}